what is -e9c9 - 2?
-e9cb
In base 6, what is -33430 + -2535?
-40405
In base 2, what is 100100011110101000 - -10111?
100100011110111111
In base 16, what is -43 - -20a73?
20a30
In base 11, what is -14 + 1057a33?
1057a1a
In base 13, what is -443 + 2549b1?
25456b
In base 15, what is -29b8b7a - 2?
-29b8b7c
In base 11, what is -149753 + 249?
-149505
In base 13, what is 6 + -217172?
-217169
In base 9, what is -2521 - 218341?
-221862
In base 7, what is -1 - 14462011?
-14462012
In base 7, what is 1143205431 + -2?
1143205426
In base 16, what is -101c7 - 4e?
-10215
In base 5, what is -22140120043 + 4?
-22140120034
In base 2, what is -110001 - 100100001010111010001?
-100100001011000000010
In base 6, what is -111 - 45315423?
-45315534
In base 6, what is 2 + 251142424?
251142430
In base 15, what is -27b22 + -5?
-27b27
In base 13, what is -3b7 + -1330?
-1717
In base 6, what is -321231315 - -25?
-321231250
In base 14, what is -66bd362 + 7?
-66bd359
In base 3, what is -1022112221 + 102121?
-1022010100
In base 10, what is 2 - 428053?
-428051
In base 12, what is 12977 + 202?
12b79
In base 9, what is 1214 - 8366?
-7152
In base 10, what is 26927519 + 5?
26927524
In base 9, what is 133711480 + 13?
133711503
In base 15, what is 10 + d9ee2?
da002
In base 6, what is 13101442 - -22?
13101504
In base 5, what is 4 + -1100423344?
-1100423340
In base 15, what is 3c15 + d6d?
4a83
In base 12, what is 56120 - aaa?
55232
In base 8, what is -3733446 + -216?
-3733664
In base 8, what is -222 - 34130?
-34352
In base 12, what is -657 - -24b80?
24525
In base 9, what is -1506816254 - 4?
-1506816258
In base 8, what is -12636 - 2441?
-15277
In base 16, what is 91c92 - -102?
91d94
In base 3, what is -2122101 + 1102210000121?
1102200101020
In base 5, what is -11 + -33133200?
-33133211
In base 14, what is 293cdd8 - -3?
293cddb
In base 5, what is -1443342 - -3044?
-1440243
In base 8, what is -1040 - -524?
-314
In base 14, what is 18 - -41090d?
410927
In base 10, what is 20363 - 2184?
18179
In base 7, what is -5446424 + 2456?
-5443635
In base 3, what is -110221002200 - -1120?
-110221001010
In base 3, what is 221 + -21111020001022?
-21111020000101
In base 4, what is 1030200 + -33200?
331000
In base 16, what is -7c9d - 309?
-7fa6
In base 15, what is 23e - -9a8e?
9ccd
In base 3, what is -2 - -121120102011?
121120102002
In base 9, what is 102337122 - -3?
102337125
In base 14, what is -387d74 - 0?
-387d74
In base 12, what is 1b3 + 613462?
613655
In base 14, what is -3a + 1b96c?
1b932
In base 6, what is -210251 - -222?
-210025
In base 2, what is 110010000010000101 - -1?
110010000010000110
In base 16, what is 904 + 1a7d6?
1b0da
In base 5, what is -11 + -301014221?
-301014232
In base 4, what is 32222 - -302202320?
302301202
In base 12, what is -2703 - 192?
-2895
In base 8, what is -3 + -350655651?
-350655654
In base 6, what is -5530501 - 10233?
-5541134
In base 10, what is 3757757 + 2?
3757759
In base 8, what is 13053 + 246?
13321
In base 6, what is -35523002 + 22?
-35522540
In base 9, what is -48837 - 10683?
-60631
In base 8, what is -2 + -232375270?
-232375272
In base 5, what is 114123 - 1320312?
-1201134
In base 5, what is 10204 - 3044323?
-3034114
In base 10, what is -2692 + 7088?
4396
In base 14, what is 31d86dc0 + -1?
31d86dbd
In base 7, what is -1155616056 - -4?
-1155616052
In base 11, what is 2 - 6a31a88?
-6a31a86
In base 15, what is 3e9d3c8 - -1?
3e9d3c9
In base 10, what is 1 + 79379?
79380
In base 10, what is -33446 + 572?
-32874
In base 2, what is 101110010001010101011 + -101?
101110010001010100110
In base 5, what is 123342213234 + -3?
123342213231
In base 9, what is -622723 - -400?
-622323
In base 12, what is -2a1 + -8569b?
-85980
In base 4, what is -103022 + 1103230320?
1103121232
In base 2, what is -1 - -100110001000011111101?
100110001000011111100
In base 14, what is cb62d + 3?
cb632
In base 5, what is -12000321300 - -40?
-12000321210
In base 14, what is -328d8 + -1759?
-34253
In base 6, what is 1244024 + 2334?
1250402
In base 13, what is -bb9 + -2120?
-3009
In base 4, what is 121320 + -10202100?
-10020120
In base 10, what is -118 + -147491?
-147609
In base 12, what is 3 + -144aba00?
-144ab9b9
In base 6, what is 35 + -11232530?
-11232451
In base 5, what is 34204 + -11311321?
-11222112
In base 13, what is -8 - -89b686?
89b67b
In base 16, what is 603497 - 10?
603487
In base 5, what is -3041322002 + 10?
-3041321442
In base 16, what is -5 + 2fde8c?
2fde87
In base 15, what is -ea + 230a5?
22eaa
In base 5, what is -21101421 + 13430?
-21032441
In base 3, what is 1212111022210 + -1010?
1212111021200
In base 3, what is -21 + 22210111001120?
22210111001022
In base 9, what is 614178 + -23?
614155
In base 11, what is -287a + 280?
-25aa
In base 3, what is 1121 + 202210220010?
202210221201
In base 15, what is -c0 - aee?
-bbe
In base 3, what is 201122210202211 + 0?
201122210202211
In base 3, what is 1 + 1120100010120?
1120100010121
In base 6, what is 1253112343 + 4?
1253112351
In base 13, what is 2c25 + 4bc71?
51b96
In base 6, what is -21 + 2451541231?
2451541210
In base 13, what is a8a1 - 1a1a?
8b84
In base 15, what is 20a - -4270?
447a
In base 16, what is 110073 + d?
110080
In base 15, what is -1a - -1ba83?
1ba68
In base 16, what is 1591 + b64?
20f5
In base 4, what is 10131 - 13130330?
-13120133
In base 5, what is 2112122140 + 2?
2112122142
In base 13, what is 4 - -17888738?
1788873c
In base 14, what is -512 + -9730?
-9c42
In base 4, what is 11 - 1003300223000?
-1003300222323
In base 7, what is 150 + -5161115?
-5160635
In base 4, what is 133011103301111 + 2?
133011103301113
In base 7, what is 42121103 + 2?
42121105
In base 16, what is 5 - -b28795?
b2879a
In base 14, what is 2 + 25784bd?
25784c1
In base 7, what is -406523621 + -1?
-406523622
In base 13, what is 439b6 + -465?
43551
In base 6, what is 41 - -2224345?
2224430
In base 13, what is -b - -13298?
1328a
In base 12, what is -3a640 - 533?
-3ab73
In base 14, what is 2a0dc0 - 27?
2a0d97
In base 13, what is 4 - 604897?
-604893
In base 3, what is 10102112100012122 - -1?
10102112100012200
In base 5, what is 42 + 1113121124?
1113121221
In base 11, what is 981449 + 37?
981485
In base 11, what is -48444 + 1428?
-47017
In base 14, what is -9a09bd - 0?
-9a09bd
In base 16, what is 22 - 47d8?
-47b6
In base 12, what is 13 + -83baa8?
-83ba95
In base 3, what is 22 - 2200222111002222?
-2200222111002200
In base 7, what is -131 + -11213?
-11344
In base 3, what is 122201100012 - -20?
122201100102
In base 5, what is -1031 + -10204430?
-10211011
In base 2, what is -1110010011000 + -11100111111010?
-101011010010010
In base 5, what is 1 - -11010241412?
11010241413
In base 6, what is 14 - 435033221?
-435033203
In base 10, what is 1235 - -74286?
75521
In base 5, what is 13000441 - -11?
13001002
In base 4, what is -10 + 12221023011320?
12221023011310
In base 5, what is 42404320 + -32?
42404233
In base 3, what is -1202 - -1000220121?
1000211212
In base 14, what is 1d9 + -518a?
-4d91
In base 7, what is -44226 - -115303?
41044
In base 5, what is 121400421 - 23?
121400343
In base 16, what is 3 + 96464e?
964651
In base 13, what is 8 + 164404?
16440c
In base 3, what is -2121022110012101 + -102?
-2121022110012210
In base 10, what is 40 + -37264203?
-37264163
In base 13, what is -6bc4b4 + -4?
-6bc4b8
In base 13, what is -1693 - 1371?
-2a34
In base 10, what is -6529781 + -82?
-6529863
In base 9, what is 1067 + -1566677?
-1565610
In base 14, what is 95c - 1d7b?
-141d
In base 16, what is -2cc3 + -f606?
-122c9
In base 6, what is -1005 - -11302311?
11301302
In base 12, what is -1 + -14650a75?
-14650a76
In base 5, what is -23 - 3334104001?
-3334104024
In base 8, what is -117011 + 275?
-116514
In base 8, what is -14 + 121362?
121346
In base 5, what is 3042420130 - 1142?
3042413433
In base 13, what is c - -6a464?
6a473
In base 2, what is -100 + -1000010101111011011101?
-1000010101111011100001
In base 7, what is -3011 + -414402?
-420413
In base 6, what is -1 - 11222525001?
-11222525002
In base 12, what is -8 - -4833471?
4833465
In base 8, what is 441672 + -16370?
423302
In base 3, what is -201110 + 22022201?
21121021
In base 14, what is -2ba - -6b3a?
6860
In base 11, what is 1515a + 9009?
23168
In base 12, what is -b1 - 13384?
-13475
In base 6, what is 2102 - 42253035?
-42250533
I